rmine u(-4).
18
Let g(i) = 22*i + 15. What is g(-4)?
-73
Let q(s) = -3*s - 3. Give q(16).
-51
Let t(x) = 4*x - 21. Determine t(11).
23
Let v(p) = p**2 - 6. What is v(0)?
-6
Let d(j) = j**2 + 9*j + 11. Determine d(-6).
-7
Let m(k) = k**3 - 2*k**2 - 4*k - 2. Determine m(4).
14
Let w(c) = -c. Determine w(6).
-6
Let z(x) = x**2 + x - 3. Calculate z(3).
9
Let j(m) = -5*m**3 - 5*m**2 - 3*m + 1. What is j(-1)?
4
Let u(a) = -2*a**2 + a + 5. Determine u(3).
-10
Let z(t) = -8*t**3 - 5*t**2 + 8*t - 2. Determine z(2).
-70
Let i(x) = 14*x - 12. Determine i(0).
-12
Let n(d) = -d**2 - 5*d + 16. Give n(3).
-8
Let w(t) = -t - 7. What is w(13)?
-20
Let a(v) = -16*v + 60. What is a(4)?
-4
Let x(i) = -12*i + 105. What is x(10)?
-15
Let s(g) = 19*g + 52. What is s(-2)?
14
Let n(q) = q**3 - 8*q**2 + 7*q - 10. Give n(6).
-40
Let i(f) = -7*f + 11. Determine i(2).
-3
Let u(r) = -2*r**3 + 15*r**2 - 7*r - 12. Calculate u(7).
-12
Let f(k) = -k**3 + 8*k**2 - k - 7. What is f(8)?
-15
Let u(s) = -s**2 - 25*s - 159. What is u(-11)?
-5
Let c(u) = -45*u**3 + 2*u**2 - 1. Calculate c(1).
-44
Let k(m) = -m**3 + 4*m**2 + 4*m - 1. Calculate k(5).
-6
Let q(t) = -t**3 - 6*t**2 + 5*t + 7. Calculate q(-6).
-23
Let b(r) = r**3 - 3*r**2 - 14*r - 37. Calculate b(6).
-13
Let s(q) = q**2 + 12*q + 35. What is s(-9)?
8
Let a(f) = f**2 + 14*f - 5. Give a(-15).
10
Let k(p) = 5*p**2 + 4*p - 4. Calculate k(3).
53
Let m(t) = -59*t - 223. Determine m(-4).
13
Let g(f) = -13*f + 14. Determine g(2).
-12
Let t(d) = -6*d**2 + d + 2. Determine t(4).
-90
Let z(k) = k**2 + 7*k + 10. Give z(-6).
4
Let k(h) = -h**2 + 8*h + 8. Calculate k(12).
-40
Let c(d) = 3*d**2 - d - 13. Determine c(-3).
17
Let m(q) = -q**3 - 3*q**2 + 4*q - 2. What is m(-4)?
-2
Let v(o) = 2*o**2 + 46*o + 98. Calculate v(-21).
14
Let m(n) = n + 44. Give m(22).
66
Let f(j) = j**3 - 19*j**2 - j + 5. Calculate f(19).
-14
Let f(s) = -s**2 + 3*s. What is f(3)?
0
Let u(t) = -t - 12. Give u(-7).
-5
Let y(z) = -10*z - 69. What is y(-7)?
1
Let l(a) = a**2 + 8*a - 26. What is l(-11)?
7
Let v(p) = -p**2 - 7*p - 7. What is v(-6)?
-1
Let f(q) = q - 5. What is f(-1)?
-6
Let a(w) = -5*w + 75. What is a(15)?
0
Let d(m) = 4*m + 47. Determine d(-10).
7
Let s(h) = 3*h + 30. Calculate s(-5).
15
Let x(r) = 12*r + 4. Give x(-4).
-44
Let m(a) = -7*a**3 - a - 1. Calculate m(-1).
7
Let w(t) = 124*t - 5. Give w(1).
119
Let u(m) = m**3 + 8*m**2 + 5*m + 6. Determine u(-5).
56
Let q(n) = -n**3 - 3*n**2 + 2*n - 2. Give q(-4).
6
Let l(y) = -5*y - 45. Determine l(0).
-45
Let h(n) = n**3 - 5*n**2 - n + 8. What is h(5)?
3
Let c(r) = -r**3 - 11*r**2 + 13*r + 7. What is c(-12)?
-5
Let f(q) = q**2 + 5*q + 5. What is f(-6)?
11
Let l(m) = m**3 + 11*m**2 + 8*m - 6. Calculate l(-10).
14
Let h(a) = 5*a - 31. Determine h(8).
9
Let c(l) = -2*l**2 - 5*l - 4. Calculate c(-2).
-2
Let j(z) = 4*z**2 + z - 1. Determine j(2).
17
Let v(o) = -o**3 - o**2 - 3*o - 7. Calculate v(0).
-7
Let s(w) = -w**3 - 27*w**2 - 24*w + 44. Determine s(-26).
-8
Let l(s) = s**3 - 6*s**2 - 8*s - 5. Calculate l(7).
-12
Let j(m) = 50*m**3 + 8*m**2 + 10*m + 3. Give j(-1).
-49
Let l(x) = 2*x**2 - 48*x + 20. Determine l(24).
20
Let l(t) = t**2 - t + 43. Calculate l(0).
43
Let b(r) = 4*r + 42. Calculate b(-9).
6
Let v(i) = i - 2. Give v(-13).
-15
Let n(x) = -3*x - 1. Determine n(10).
-31
Let z(t) = t**3 + t - 4. Give z(3).
26
Let r(j) = 53*j + 3. Calculate r(-1).
-50
Let a(s) = s**3 + 4*s**2 + 2*s - 4. Give a(-4).
-12
Let h(p) = p**3 - 13*p**2 + 15*p - 28. Give h(12).
8
Let c(s) = -2*s - 5. What is c(1)?
-7
Let u(z) = -3*z - 7. Determine u(13).
-46
Let b(y) = -2*y**3 - 10*y**2 - 8*y - 6. Give b(-4).
-6
Let r(h) = h**3 + h**2 - 115. Give r(0).
-115
Let y(h) = -h**2 + 25*h. Give y(25).
0
Let m(u) = -u**3 - u**2 + 32. What is m(0)?
32
Let b(v) = -2*v - 11. Determine b(5).
-21
Let g(w) = -w**2 + 10. Determine g(0).
10
Let j(s) = -12*s**2 + 4*s - 1. Give j(-1).
-17
Let g(h) = h**2 - 8*h - 22. Give g(11).
11
Let j(p) = p + 7. What is j(-6)?
1
Let g(k) = -k**3 + 33*k**2 - 86*k - 114. Give g(30).
6
Let s(q) = -q**3 - 12*q**2 - 8*q + 9. Determine s(-11).
-24
Let f(x) = x - 9. What is f(15)?
6
Let j(k) = -k**3 - 17*k**2 - 25*k + 31. What is j(-15)?
-44
Let t(q) = -6*q + 109. Calculate t(18).
1
Let a(w) = -w**2 - 7*w - 2. Give a(-11).
-46
Let o(d) = -d**2 + 8*d - 24. Calculate o(5).
-9
Let s(a) = -a**3 - 9*a**2 - 3*a - 9. Determine s(-9).
18
Let g(a) = -2*a**2 - 8*a - 1. Calculate g(-6).
-25
Let y(f) = -3*f + 11. Give y(-5).
26
Let m(t) = -3*t**2 - 3*t - 1. Determine m(-1).
-1
Let v(u) = u**3 + 15*u**2 - u - 10. Determine v(-15).
5
Let m(x) = -2*x**3 + 2*x**2 + 2*x + 9. Calculate m(0).
9
Let y(d) = -11*d - 2. Determine y(3).
-35
Let o(s) = 10*s + 996. Give o(-100).
-4
Let l(z) = -z**2 - 9*z - 3. What is l(-10)?
-13
Let j(i) = -2*i**2 - 11*i - 22. Give j(-3).
-7
Let q(n) = n**3 - 22*n**2 + n - 20. Determine q(22).
2
Let q(v) = 2*v**3 - 5*v - 8. What is q(-2)?
-14
Let d(m) = m**3 - m**2. Give d(-1).
-2
Let u(s) = s**3 - 9*s**2 + 4*s - 30. Determine u(9).
6
Let f(m) = m**3 + 3*m**2 - 21*m - 2. What is f(-5)?
53
Let l(f) = 3*f - 32. Calculate l(10).
-2
Let h(b) = b**2 + 5*b. Give h(-5).
0
Let q(m) = -m**3 + 11*m**2 + 3*m - 11. Determine q(11).
22
Let o(w) = w - 7. Give o(-11).
-18
Let m(u) = -u**3 - 17*u**2 - 9*u + 99. Give m(-16).
-13
Let p(o) = -o**3 - 4*o**2 + 2*o + 7. What is p(-5)?
22
Let l(w) = -w**3 + 4*w**2 + 9*w + 17. What is l(7)?
-67
Let m(d) = d - 9. Calculate m(-2).
-11
Let r(v) = 3*v + 9. Determine r(-4).
-3
Let o(p) = -p**3 - 5*p**2 - 2*p + 5. Give o(-4).
-3
Let j(m) = -m**3 + 6*m**2 + m - 5. Determine j(6).
1
Let t(k) = 38*k - 152. Determine t(4).
0
Let d(j) = j + 18. Give d(18).
36
Let q(l) = -l**2 - 31*l + 29. Give q(-32).
-3
Let m(a) = -48*a - 345. Calculate m(-8).
39
Let s(d) = 10*d**3 + 92*d**2 + 15*d - 12. Give s(-9).
15
Let y(t) = 4*t + 68. Determine y(-17).
0
Let i(z) = 41*z - 1. What is i(4)?
163
Let r(i) = -3*i**2 - 5*i + 8. Determine r(2).
-14
Let j(p) = -9*p**2 - 49*p - 10. Calculate j(-5).
10
Let n(i) = 33*i - 57. Calculate n(2).
9
Let l(d) = -d**3 - 11*d**2 - 10*d - 1. Calculate l(-10).
-1
Let b(x) = -12*x**2 - 4*x + 6. Determine b(4).
-202
Let i(d) = -d + 19. Calculate i(6).
13
Let j(k) = -2*k - 37. Give j(-25).
13
Let u(y) = -y**2 + 4*y + 4. Give u(5).
-1
Let z(s) = -11*s**2 + 3*s - 3. Give z(2).
-41
Let g(j) = -5*j**2 + 37*j + 16. What is g(8)?
-8
Let r(y) = y**3 + 10*y**2 + 6*y + 7. What is r(-9)?
34
Let f(p) = p**2 - 8*p - 3. Determine f(8).
-3
Let y(g) = -g**2 + 2*g + 4. Determine y(-3).
-11
Let f(m) = -3*m - 20. Calculate f(-11).
13
Let s(g) = g**2 - 8*g + 13. Determine s(9).
22
Let h(i) = -i**3 - 7*i**2 - 5*i - 10. What is h(-7)?
25
Let c(l) = 2*l**3 + 4*l**2 + 2. Determine c(-2).
2
Let y(d) = d**2 - 7*d - 77. Determine y(13).
1
Let a(f) = -f**3 + 4*f**2 + 2*f + 3. What is a(4)?
11
Let a(l) = -2*l**2 - 11*l - 12. What is a(-6)?
-18
Let q(v) = -v**2 + 18. What is q(-4)?
2
Let m(x) = -2*x**2 + 8. What is m(7)?
-90
Let m(z) = -z - 3. What is m(-1)?
-2
Let o(j) = 4*j - 16. Determine o(6).
8
Let j(y) = 6*y**2 + 49*y + 13. Give j(-8).
5
Let k(t) = 6*t - 50. Give k(6).
-14
Let z(j) = -j**3 + 5*j**2 - 5*j + 4. Determine z(5).
-21
Let q(o) = 35*o - 178. Determine q(6).
32
Let w(r) = -r**3 - 19*r**2 - 13. Calculate w(-19).
-13
Let q(s) = s**3 + 7*s**2 + 5*s + 3. Give q(-6).
9
Let t(u) = 45*u + 7. What is t(0)?
7
Let u(b) = -5*b**2 - 38*b. Determine u(-8).
-16
Let d(w) = -4*w**2 - 3*w + 1. What is d(-5)?
-84
Let f(b) = 3*b**2 - 2*b - 2. Give f(-1).
3
Let j(n) = 8*n**2 - 98*n + 21. Give j(12).
-3
Let y(m) = -2*m**2 + 5*m + 3. Calculate y(4).
-9
Let p(c) = -3*c**3 - 16*c**2 - 2*c + 12. What is p(-5)?
-3
Let l(g) = -g**3 + 15*g**2 + 54*g + 4. Give l(18).
4
Let j(k) = -8*k - 29. Calculate j(-5).
11
Let m(t) = 4*t + 6. What is m(-10)?
-34
Let h(f) = 11*f - 7. Give h(0).
-7
Let v(q) = -8*q - 52. Calculate v(-7).
4
Let u(x) = x**3 - x**2 + 7*x + 9. Give u(4).
85
Let j(a) = -a**3 + 10*a**2 - a + 7. What is j(10)?
-3
Let g(f) = 13*f - 429. Determine g(32).
-13
Let i(l) = -6*l + 19. What is i(7)?
-23
Let z(c) = -2*c**3 - 17*c**2 - 9*c - 13. Give z(-8).
-5
Let d(u) = -u**3 - 5*u**2 + 8*u + 14. Give d(-6).
2
Let n(o) = -o**3 - 7*o**2 + 5*o - 10. Calculate n(-8).
14
Let g(v) = 42*v**2 - 2*v - 2. Give g(-1).
42
Le